ivative of q(u). Is b(4) composite?
False
Let w = 3 + -3. Let o be w/((1 - 0)*-2). Suppose -s - 4*s + 445 = o. Is s composite?
False
Suppose 0 = -6*y + 19*y - 9087. Is y a composite number?
True
Suppose 2*y - 2 - 4 = 0. Suppose 2 = y*j - 2*j. Suppose j*x - 79 = -5. Is x a prime number?
True
Let x be 2/(-11) - 1780/11. Let b = x + 293. Is b prime?
True
Suppose 0 = 5*b + 5*m + 9650, 3*b - 4*m + 1920 = 2*b. Let k be (-1)/7 - b/(-28). Let f = k - -196. Is f a composite number?
False
Let i = 10 + -3. Let y be (4 + -6)*i/2. Let f = 3 - y. Is f a prime number?
False
Suppose 3*m - 2*m + 48 = a, -a + 58 = 4*m. Let y be (-1)/(-2) - 6/(-4). Is (y - 2) + a/2 prime?
False
Let t(q) = -191*q - 3. Is t(-2) a prime number?
True
Let s = 443 - 284. Is s a composite number?
True
Suppose 2*d - w - 840 = 0, -5*w - 77 = -2*d + 771. Is d a composite number?
False
Let x = 35 + -30. Let k = -9 + 31. Suppose x*c - 13 = k. Is c composite?
False
Let z(y) = y**3 + 0*y + 5*y**2 - 4*y + 4*y**2 + 7. Is z(-5) composite?
False
Is (-2)/(-7) + 54134/14 + 0 a prime number?
False
Let h be -1 - (-2 + -69 + 0). Suppose -3*g + 9 = -3*r, 5*g = -5*r + 26 - 1. Suppose g*b - 18 = h. Is b a prime number?
False
Suppose -3*x + 573 = 2*c, 4*c + 184 + 198 = 2*x. Is x a prime number?
True
Let v(d) = d**2 + 2*d + 1. Let y(h) = h**2 + 3*h - 2. Let z be y(-4). Let q be v(z). Suppose -m - 3*s = q, s + 17 = 4*m + 1. Is m a composite number?
False
Suppose 2*b = -4*q + 6, -3*q - 4*b = -0*q + 8. Is (-9 + 2)/(q/(-68)) a composite number?
True
Let u(t) = -t - 2. Let y be u(-4). Suppose -3*o + 0*o + y*v = -65, -v = -2*o + 43. Is o a prime number?
False
Let l = -3605 + 5402. Is l composite?
True
Let i(l) = 81*l**3 - l**2 + l + 1. Let p be i(-1). Let c = 137 + p. Is c a composite number?
True
Suppose -9 = -3*i + 5*l, 5*i + 3*l - 13 = 2. Suppose 2*w - i*w - 1 = 0. Is 0 - ((-2)/w - 81) a composite number?
False
Let f(u) = 3*u**2 - 1. Let i be f(-1). Let m(d) = 44*d**i - 2 + 1 + 6*d**2. Is m(1) composite?
True
Is (-516)/(-7) - (-12)/42 a prime number?
False
Let i = 1365 - 856. Let w = i - 274. Is w composite?
True
Let q = -65 + 142. Suppose -a = -5*g - 134, -3*g + 81 + q = a. Is a a composite number?
False
Let t = 27 + 21. Let z = -29 + t. Is z a composite number?
False
Suppose -l = -2*l + 4. Suppose -2*a = -2 - l. Suppose -z + 52 = a*z. Is z a prime number?
True
Suppose 6*n + 2*s = 2*n + 56, 3*n - 42 = 4*s. Suppose 9 = i + 2*t - n, -5*i + 99 = 2*t. Is i a prime number?
True
Suppose -264 = 6*x - 2*x. Let b be (-4)/(128/x - -2). Is -1 + (-6)/(-3) - b a composite number?
False
Suppose 0*z + 3*t + 307 = 5*z, 5*z + 4*t - 279 = 0. Is z a prime number?
True
Let d = -78 - -155. Is d a prime number?
False
Suppose -3*b + 2*b + 139 = 0. Is b composite?
False
Let h be (0 + -1)/(1/(-3)). Suppose -p + 46 = 2*c - 3*p, 5*p = -h*c + 53. Is c a prime number?
False
Let m be 1656/(-10) - (-6)/(-15). Let w be ((-30)/3)/(4/m). Suppose 3*y - w = -34. Is y a prime number?
True
Let h = 1259 - 740. Is h prime?
False
Let n(g) = -g**3 - 12*g**2 - 10*g + 12. Let x be n(-11). Is ((-2)/(-6))/(x/381) a prime number?
True
Let j be (-32)/12*3/(-2). Let l(c) = -7*c - 1. Let y be l(-1). Suppose j*q - 121 = -y*v + 3*v, -4*v - 3*q = -152. Is v a prime number?
False
Let r(m) = m + 79. Suppose -5*k + 3*i + i = -4, 5 = 5*k - 5*i. Is r(k) composite?
False
Suppose 2*l + 3*l = 15. Is l/(-2) + (-121)/(-2) composite?
False
Is 652 + (0 - -1)/(1 + 0) a composite number?
False
Suppose -5*c = -49 - 46. Suppose -6 = i - c. Is i a prime number?
True
Let w(z) = -z**3 - 8*z**2 - 12*z - 13. Let t be w(-9). Let s(o) = -o - 6. Let d be s(-9). Suppose d*k = -38 + t. Is k composite?
True
Let c = 7 + -5. Let s(m) = 3*m + 1. Is s(c) a prime number?
True
Let o(d) = -d**3 + 7*d**2 - d + 9. Let r be o(7). Suppose -4*w = 3*n - 109, r*w = 5*n - 112 - 61. Is n prime?
False
Suppose 3*a - 107 = 7. Suppose -4 + a = 2*f. Suppose -3*d = -f - 10. Is d prime?
False
Suppose 2*q - 3 - 9 = 0. Suppose -f = -q*f + 330. Suppose 3*j = -3*i + f, 3*i = j + j + 66. Is i prime?
False
Let g(x) = 338*x - 3. Is g(2) prime?
True
Let y(v) = -v - 9. Let h be y(-7). Is (-186)/h - (-11 - -9) composite?
True
Suppose -10 = -4*z - z. Suppose 255 = 3*v + 4*l - z*l, l - 252 = -3*v. Is v prime?
True
Let x = 4 + -2. Suppose -2*o = 6*c - c - 23, -5*o = -x*c - 72. Is o a prime number?
False
Let t(a) = -a**2 - a + 16. Let k be (-1 + 1)*(-2)/(-4). Let n be t(k). Suppose -3*b - n = -397. Is b prime?
True
Suppose 5*n - 32 = 4*b + 35, b - 32 = -2*n. Suppose -99 + n = -2*r. Let w = r - -79. Is w composite?
True
Suppose -4*y + 3*h = y - 73, -4*y - h + 55 = 0. Suppose -4*s - t + 21 = 0, 4*s - 3*t - 2 = -1. Let l = y - s. Is l a composite number?
True
Suppose -11295 = -6*t - 3*t. Is t composite?
True
Let q = -8 - -10. Is (-20)/(-8)*29*q a composite number?
True
Let t(m) = -m + 1. Let l be t(-2). Suppose 4*y - 2*d - 120 = 0, 3*y + l*d = -d + 101. Is y a prime number?
True
Let l = -13 + 18. Let u(w) = -w**2 + 5*w + 3. Let x be u(l). Suppose -d + x*d - 59 = -i, 2*d + 3*i = 53. Is d a composite number?
False
Let g = 3 + -9. Is 1796/16 - g/8 a composite number?
False
Suppose -2*a + 0*a + f + 7 = 0, -a + 2*f + 8 = 0. Suppose -3*t + 2 + 10 = 0. Suppose 84 = a*h - 0*h - 5*o, -h - t*o = -55. Is h prime?
True
Let b(i) = -i. Suppose 0 = 4*y + 3*r + 14, -3*y - 31 = 2*y - 3*r. Let u be b(y). Suppose 4*j - 31 = 2*k - u*k, -2*k - 56 = -5*j. Is j a prime number?
False
Suppose -3*r + 8 = -h - 4, 0 = 5*r + h - 28. Is (-466)/(-10) + 2/r a composite number?
False
Let f = 120 - 83. Is f a composite number?
False
Let q = 232 + 3. Is q/10 - (-6)/(-4) a composite number?
True
Let j(z) = -z**2 + z - 1. Let u(h) = -h**3 - 10*h**2 + 3*h - 3. Let o(x) = -3*j(x) + u(x). Let n be o(-5). Let p = -29 - n. Is p a composite number?
True
Let z(b) = 32*b - 7. Suppose 5*t = 3*t + 14. Is z(t) a composite number?
True
Suppose -3*d = 0, -3*i + 0*i + 18 = d. Let z be 2/i - (-339)/9. Suppose k - 5 = -2*c, 2*c - 12 - z = -4*k. Is k prime?
False
Let r be (-42)/(-10) + 1/(-5). Suppose 0 = -a - r*w + 164, 2*w + w - 338 = -2*a. Suppose -3*s = s - a. Is s a prime number?
True
Suppose -2*a - 10 = 0, 2*j + 3*a - 282 = 107. Is j prime?
False
Let z = 3 - 1. Is (z + 0)*1492/8 a composite number?
False
Let d = 1850 - 601. Is d a prime number?
True
Suppose -15*b + 5057 = -2*b. Is b a prime number?
True
Suppose 4*z - 6 = -22. Is 33 - (z + 3) - -3 prime?
True
Let w(c) = -2*c**3 + c**2 + c + 1. Let b be w(-1). Suppose 5*d + 40 = b*u, 4*u + 3*d + 5 = 39. Is u composite?
True
Is -4 - -13*(-1 - -72) a prime number?
True
Let j = -544 + 967. Suppose 0 = -4*x + 85 + j. Is x prime?
True
Let x(u) = -13*u + 10. Is x(-9) prime?
True
Let i be (-3510)/(-35) - 2/7. Let p = 443 + i. Suppose p = 5*l - 2*l. Is l a composite number?
False
Suppose -y - 17 + 435 = o, 2*y - 4*o = 830. Let k = -256 + y. Is k a prime number?
False
Suppose 0 = -3*h - h + 12. Suppose -h*b = -0*b - 6. Suppose t - 27 = -4*u, -t + b*u - 7*u = -28. Is t composite?
False
Let q(y) = y**2 + 7*y + 3. Let b be q(-8). Let c = -7 + b. Suppose -c*j - 161 = -5*j. Is j a prime number?
False
Suppose 0 = 2*w - 4*c + 12, -3*w - 3*c + 0*c = 27. Let x be (w - -4)*(0 - 1). Suppose 206 = 4*f + 5*a, x*f - 194 = 3*a - 2*a. Is f a prime number?
False
Suppose 3*i - 5*i + 226 = 0. Is i prime?
True
Let f = 23 - 10. Suppose 2*w - 129 - f = 0. Is w a prime number?
True
Let z = 0 + 3. Suppose -938 = -z*n + n. Is n prime?
False
Suppose -2*b + 3*b = -2*o, 4*o = -b - 2. Suppose -k - 6*z + 4*z + 19 = 0, -5*z + 43 = b*k. Suppose 0 = 2*n - n - k. Is n prime?
False
Let o(p) = -p**2 + 8*p + 2. Let a be o(8). Suppose -a*y = -147 - 21. Suppose 15 = -3*g + y. Is g a composite number?
False
Let l be ((-2)/(-4))/((-2)/4). Is (0 - l)/(6/258) composite?
False
Let i = 3230 + -1077. Is i a prime number?
True
Suppose 6 = 4*v - 2. Suppose 2*z - 2*n = 8, 5 = -3*z + v*n + 16. Suppose 0*y - z*q = -y + 46, 3*y + q - 108 = 0. Is y prime?
True
Suppose -3*h + h = 74. Let y = 166 + h. Is y composite?
True
Suppose -5*f + 4*o = 0, 4*f + 4*o = -o. Let a be (-4 - 1*-2) + f. Is ((-37)/3 - a)*-3 prime?
True
Let q = 418 + -123. Is q prime?
False
Suppose 148 - 2043 = -5*z. Is z a composite number?
False
Let f(t) = -t**2 - 13*t - 6. Let r be f(-11). Suppose 0 = -4*k - 5*s + 